 = 37. Suppose -s = -10*i + 13. Calculate the greatest common factor of i and 5.
1
Let c = -39 - -36. Let z be 7503/164 - (0 - c/4). Calculate the highest common factor of 360 and z.
45
Let m be (9/18)/((-2)/(-8)). Let b = 4992 - 4970. Calculate the highest common divisor of m and b.
2
Suppose 2*j - 12 = -x, 19*x - 15*x = 5*j + 87. Calculate the greatest common factor of 6858 and x.
18
Let k be (-596)/30 + 2/(-15). Let x = k - -26. Suppose 0 = 3*r - x, -2*g - 2*r + 46 = 4. Calculate the highest common divisor of 19 and g.
19
Let y(p) = 24*p - 1322. Let q be y(56). What is the greatest common factor of 2211 and q?
11
Suppose -330*g + 325*g = -10. Suppose 2*b - 55 = g*j - 283, 5*j = -3*b + 586. Calculate the highest common factor of 29 and j.
29
Let w = 155 - 174. Let q be ((-2)/(-4))/(w/(-342)). Calculate the highest common divisor of 9 and q.
9
Let z(x) be the first derivative of x**2/2 + 29*x - 75. Let f be z(3). Calculate the highest common factor of 20 and f.
4
Let t be ((-114)/9)/(1/(-6)). Let h be -4 + 74*1*(-2)/(-4). Suppose -5 - h = -2*a. What is the greatest common factor of a and t?
19
Suppose -31*i + 1219 = 475. Suppose 0 = 6*u - 882 - 774. Calculate the greatest common factor of i and u.
12
Suppose 2*g + 3*k - 24 = -g, g - k - 4 = 0. Let b be -1*4/((-8)/g). Let v be 46 + (4/2 - b). Calculate the highest common factor of 15 and v.
15
Suppose 22*q + 12 = 128 - 6. What is the greatest common divisor of 1345 and q?
5
Let m(c) = c**3 - 4*c**2 + 2*c + 1. Let b be m(4). Suppose -8*f + 54 = -5*f - 2*q, 0 = 3*f + 2*q - 54. What is the highest common divisor of f and b?
9
Let w = 6344 + -5539. Calculate the highest common factor of 690 and w.
115
Suppose 4*d - 3*f - 13235 = 0, 5*f - 406 - 6153 = -2*d. What is the highest common factor of 2794 and d?
254
Let b(q) be the first derivative of 6*q**2 + 66*q - 58. Let h be b(5). What is the greatest common factor of h and 54?
18
Let o be 17/34*-24*13/(-3). What is the greatest common factor of 611 and o?
13
Let z be (-3)/((-9)/6 + 1) - (279 + -695). Calculate the highest common divisor of z and 633.
211
Let f = 309 - 309. Suppose f = 13*r + 2*r - 105. What is the highest common divisor of r and 3?
1
Suppose 4*o + 4*g + g = 20, 5 = o - 2*g. Let a be (-2512)/5 + 62/155. Let b = -499 - a. What is the highest common divisor of b and o?
1
Let r be (-29)/203 + 83163/21. Calculate the highest common divisor of r and 594.
198
Suppose y = 3*q - 91063, 4*q - 36*y + 32*y - 121436 = 0. Calculate the greatest common divisor of q and 112.
112
Let g = 8382 + -7614. Calculate the greatest common divisor of 3 and g.
3
Suppose 0 = 4*n - 24 + 8. Suppose -47 = -n*b - z, -b + 57 = 4*b + 3*z. What is the highest common divisor of b and 18?
6
Suppose c - 4*q = -22, 4*c + 4*q - 63 + 11 = 0. What is the greatest common factor of 8994 and c?
6
Let k be -2*9*2/(-4). Let v be 34 - -343 - (0 + -7). Let n = v - 357. Calculate the highest common divisor of k and n.
9
Let b = 6306 - 5527. Calculate the greatest common factor of 304 and b.
19
Suppose -51 + 203 = 4*s. Suppose 0 = 3*k + 16 - 1, 0 = 3*t - 2*k - 28. Suppose t*w - 342 = 5*w. Calculate the highest common factor of s and w.
38
Suppose -4*g - p + 288 = 122, g + p - 40 = 0. What is the greatest common divisor of g and 350?
14
Let u = -81 + 127. Let i = u - 43. Suppose -i*x = -x - 28. Calculate the greatest common divisor of 14 and x.
14
Suppose 212*f = 305*f - 16926. Calculate the greatest common divisor of 70 and f.
14
Let h be -5 + 1 - -2 - -69. Suppose 8*g = h + 21. Suppose 5*u + 121 = 16*u. Calculate the greatest common factor of g and u.
11
Let l(g) = g + 16. Let r be l(-10). Let y be (r/(-3))/(-2) + -7. Let h be 18*(8/y + 4). Calculate the greatest common divisor of 12 and h.
12
Let t be 3/(-5) - ((-152)/(-5) - -1). Let b = 33 + t. Let w be 34 - b - (-18)/6. Calculate the highest common factor of 54 and w.
18
Let b be ((-195)/6)/5*(-17 + 16 - 11). What is the highest common factor of b and 1053?
39
Let o be (-3 - -2245)*(-14)/4*(-57)/133. What is the greatest common factor of o and 57?
57
Suppose 94*n - 87*n = 441. Suppose 22*t = 29*t - n. What is the greatest common divisor of 207 and t?
9
Let c(g) = g**3 - 156*g**2 - 470*g - 1090. Let u be c(159). What is the highest common factor of u and 68?
1
Let g(y) = 4*y + 135. Let j be g(-34). Let b be ((-3 + 0)/((-21)/(-133)))/j. What is the highest common divisor of b and 19?
19
Suppose -2*t - 252 = 2*t - 4*g, 2*t + 5*g + 154 = 0. Let x = t + 158. Suppose -612*q - 19 = -613*q + 7. Calculate the highest common factor of q and x.
13
Let y be (-4 - -11) + -6*(-8)/6. What is the greatest common factor of y and 879?
3
Let s = -19627 + 26733. Calculate the greatest common divisor of s and 306.
34
Let x be (-16317)/(-105) + 5*4/(-50). Let q = 96 + -65. What is the greatest common divisor of x and q?
31
Let o = -3161 - -3755. What is the highest common divisor of o and 44?
22
Suppose 0 = 56*t - 140*t - 152 - 16. Let z(a) = a - 4. Let u be z(6). Let n be 6 - u*(-1)/t. Calculate the greatest common factor of 25 and n.
5
Suppose -t + 4*d + 310 = 0, -3*d - 635 = -2*t + 2*d. Let u = t + -213. Suppose u = -5*n + 8*n. Calculate the greatest common divisor of 26 and n.
13
Let g(y) = -312*y - 9333. Let m be g(-30). Calculate the greatest common divisor of m and 33237.
27
Let q be 12/6 - (0 + 0). Suppose 447 = 2*z - o, 0 = -3*z - 0*z - 5*o + 651. Let w = 236 - z. What is the highest common divisor of q and w?
2
Let t = -3313 - -3409. Calculate the highest common factor of t and 72.
24
Let l = 62 - 37. Suppose 49*y - 174 = 71. What is the greatest common divisor of l and y?
5
Let v(f) = 5*f - 55. Let w be v(12). Suppose -w*n - 778 + 4188 = 0. Calculate the highest common factor of 62 and n.
62
Suppose -b + 0*b = 0, -2*b = 2*u - 6. Suppose 6*f + u*f = 648. What is the highest common divisor of 180 and f?
36
Let g = 364 - 355. Suppose -g*d + 3*d = -30. Calculate the highest common divisor of 4 and d.
1
Let c be 111/(-999) - (-14690)/18. Calculate the highest common factor of 102 and c.
102
Let p(t) = -t**3 + 10*t**2 - t - 8. Let a be p(9). Let z(v) = 182*v - 1126. Let o be z(9). Calculate the greatest common divisor of a and o.
64
Let q(o) = -37*o**2 + 595*o + 28. Let y be q(16). What is the highest common factor of y and 323?
19
Let j = -3346 + 6258. What is the greatest common divisor of j and 160?
32
Let c be (-31)/(93/(-6))*46. What is the highest common divisor of 4324 and c?
92
Let o = -1224 - -1315. Calculate the greatest common divisor of 3913 and o.
91
Let p = 13163 - 13147. Let w(k) = 27*k**2 + 1. Let s be w(1). Calculate the highest common factor of s and p.
4
Let w(z) = z**3 - 2*z - 5. Let g be w(-3). Let q = 1 - g. What is the highest common factor of 351 and q?
27
Suppose 4 + 4 = 2*f. Suppose 9*x + 12*x - 924 = 0. Calculate the highest common factor of x and f.
4
Let c(u) = u**2 + 8*u + 2. Let p be c(-5). Let o(h) = 2*h**2 + 26*h + 18. Let l be o(p). What is the greatest common divisor of 12 and l?
6
Suppose -5*x = 4*i - 280 - 451, -5*i + 923 = -3*x. What is the greatest common factor of i and 414?
46
Suppose 403 = 17*n - 787. Suppose -164 = -3*w - 4*m, -3*w + 3*m = 2*w - 283. Suppose -5*b = -b - w. What is the greatest common factor of n and b?
14
Let i = -30 + 27. Let r be -4 - (-153 + (-20)/12*i). Calculate the highest common factor of 32 and r.
16
Let i be 0 + (-6 - -11) + 371 + -1*8. What is the greatest common divisor of i and 32?
16
Suppose -17*f + 38*f - 21 = 0. Suppose -f = 2*c - 8*i + 3*i, -5*i = 4*c - 43. Calculate the greatest common factor of 189 and c.
7
Let f(a) = 8*a**2 + 13*a + 15. Let b be f(10). Let p = -1457 - -1527. Calculate the greatest common factor of p and b.
35
Let p be (-14140)/(-606)*6/4 + 2 + 5. Calculate the greatest common factor of 1128 and p.
6
Let p = 5762 - 5747. What is the highest common factor of 366 and p?
3
Suppose 212*t - 4080 = -27*t - 16*t. Calculate the highest common divisor of 3856 and t.
16
Suppose -68326 = -25*s - 6*s + 15560. Calculate the highest common divisor of s and 66.
66
Suppose -24*u + 86031 = 47*u + 34911. What is the greatest common divisor of u and 126?
18
Let k be ((-7)/28)/(6957/(-71064) + (-8)/(-84)). Calculate the greatest common divisor of k and 13677.
47
Let 